 Let v be j(-4). Suppose -v*r = -r - 50. Suppose -2*o + 139 = -r*c, -5*o + 154 = -c - 228. What is the units digit of o?
7
Let c(p) = 4*p + p - 20 + 2*p - 8*p - 10*p + 250*p**2. What is the thousands digit of c(-2)?
1
What is the hundreds digit of (-6760)/(-3)*(-13)/65*96/(-4)?
8
Let o(s) = -2*s + 22. Let u(k) = 5*k - 68. Let g(v) = -8*o(v) - 3*u(v). What is the units digit of g(-5)?
3
Let s(x) be the first derivative of x**4/4 - x**3/3 + 6*x**2 - 5*x + 33. Let g be s(4). Let r = g + 74. What is the tens digit of r?
6
Let k = 50849 - 29709. What is the ten thousands digit of k?
2
Let w be -1*4 - (-11 - 4). Let x(m) = 14*m - 22. Let y be x(w). What is the units digit of -4 + (-1*y)/(-4)?
9
Suppose 47*z = 5*z - 33*z + 934125. What is the thousands digit of z?
2
Let r(f) = 210*f + 1305. What is the hundreds digit of r(27)?
9
What is the tens digit of ((-11420)/(-7))/(((-396)/(-63) - -4) + -10)?
1
Suppose -629923 - 125626 = -168*v + 1292539. What is the tens digit of v?
9
Let t = 10 + 0. Suppose 1 = 3*l - 2*k, 0 = 6*l - t*l + k + 3. What is the units digit of (l - 0)/((-180)/(-44) - 4)?
1
Let i = 158 + -214. What is the tens digit of (85 - i)*(-8)/(-6)?
8
Let q(g) = 39*g**3 + 5*g**2 - 57*g - 122. What is the thousands digit of q(10)?
8
Let c be 4382/4 + (-9)/18. Suppose 0 = -t - 4*t + c. What is the hundreds digit of t?
2
What is the ten thousands digit of ((-8)/((-320)/9870))/((-12)/(-496))?
1
What is the tens digit of ((34/(-6) + 7)*3 - 2445)*-7?
8
Suppose -13*o - 275 = -8*o. Let b = -47 - o. What is the tens digit of -236*(1/(-6))/(b/12)?
5
Suppose 0 = 5*n - 953 - 1552. Let k = n - 949. Let o = -267 - k. What is the units digit of o?
1
Let f = 94 + -90. Suppose k + f*k = -k. Suppose 0 = -k*b - 3*b - 3, -a + 3*b + 127 = 0. What is the hundreds digit of a?
1
Let v(c) = 85*c**2 + 3*c + 20. Let t(w) = 57*w**2 + 2*w + 13. Let n(b) = 8*t(b) - 5*v(b). Let h = 2465 + -2467. What is the hundreds digit of n(h)?
1
Let r = -8998 - -15444. What is the thousands digit of r?
6
Let u(y) = -y**2 + y - 3. Let p be u(3). Let c(f) be the third derivative of -f**5/60 - 5*f**4/8 - f**3/2 - 16*f**2. What is the tens digit of c(p)?
5
Suppose -15*y + 18*y + 5*u = 10760, 4*y - 14336 = -4*u. What is the hundreds digit of y?
5
Suppose 3*g - 44 = -4*w, -2*w - 13 - 7 = -2*g. Suppose a - g*m - 286 = -9*m, 3*m + 870 = 3*a. What is the tens digit of a?
9
Let t be (-2288)/(-13) - ((-6)/(-1))/(-2). Let p = -350 + t. What is the hundreds digit of 5/(-8 - -3) - p?
1
Let w(v) = 2976*v - 5306. What is the units digit of w(7)?
6
Suppose 0 = 3*o + 23 - 41. Suppose -u = 2*l - 273, 10*l - o*l = u - 303. Let i = u - 152. What is the hundreds digit of i?
1
Suppose 75023 = -159*f + 492706 + 234694. What is the thousands digit of f?
4
Suppose 5*d = 7 + 38. Let t be ((-2)/4)/(d/270). Let v = t + 69. What is the units digit of v?
4
What is the ten thousands digit of ((-48)/(-12))/((-20)/(-149020))?
2
Let d be 4/(-10) + (-132)/(-30). Suppose 0 = -4*u - 1398 + 1410. What is the units digit of u/(-6) - -2 - (-390)/d?
9
Suppose -l - 2*s + 2481 = -2329, 2*l - 4*s = 9636. What is the thousands digit of l?
4
Let r be 5 + ((-1)/3)/((-1)/(-6)). Let c(d) = d**r + 3*d - 4*d**3 - 6 + 4*d**3. What is the units digit of c(2)?
8
Let g = -878 + 882. Suppose 4*q = g*p + 5504, -26 = -3*p - 20. What is the hundreds digit of q?
3
Let z(k) be the second derivative of -3*k**3/2 + 9*k**2/2 - 33*k. Suppose 3 = -5*y - 37. What is the units digit of z(y)?
1
Suppose -2*x - 23*l = -21*l - 12, 5*x - 14 = 3*l. Suppose x*b + 409 - 1117 = 4*n, -3*n - 9 = 0. What is the tens digit of b?
7
Suppose 2*h = 3864 + 4806. What is the units digit of h?
5
Suppose -9*z + 58852 = 20584. What is the hundreds digit of z?
2
Let c = 12904 - -4875. Suppose 2389 - c = -27*v. What is the tens digit of v?
7
Suppose 0 = 137*f + 157687 - 248430 - 328614. What is the units digit of f?
1
What is the units digit of 6532*1 - (138 - 132)?
6
Suppose 4*j + 26*z = 28*z + 1330, -j + 328 = -5*z. Suppose -4*t - j = -1653. What is the units digit of t?
0
Let n(q) = -176*q - 106. Let l be n(-5). Suppose 1802 + l = 4*v. What is the tens digit of v?
4
Let y(a) = -4 + 10*a**2 + 2 + 2 + 17 + 21*a + 1. What is the tens digit of y(11)?
5
Suppose -4*v = -4*l - 4, -v + 6 = -2*l - 3*v. What is the hundreds digit of 517 + (5 - 8) + l?
5
What is the thousands digit of ((-150)/(-300))/(1/79696)?
9
Suppose -n = -5*c + 65190, 222*n = -4*c + 223*n + 52153. What is the ten thousands digit of c?
1
Let h(n) = 305*n**2 - 25*n + 3. What is the tens digit of h(4)?
8
Let n be 175/(-3*5/(-135)). Suppose 0 = -5*w - 2*w + n. Suppose 8*g - 5*g - w = 0. What is the units digit of g?
5
Let t(w) = 1200*w - 411. What is the units digit of t(8)?
9
Let d = -16 - -18. Suppose -p + 14 = 2*x - 0*x, 0 = -d*x + 2*p + 2. Suppose 2*l - 4*l - x*j = -205, 5*l - 435 = 3*j. What is the units digit of l?
0
Let z = -963 - -5295. What is the units digit of z?
2
Let x(n) = 4*n**2 - 7*n - 10. Let q be x(3). Suppose -q*f + 822 = 5*c - 243, -5*f + 1061 = c. What is the hundreds digit of f?
2
Suppose 5*f = -p + 3*p - 1727, p - 3*f - 863 = 0. Let t = -468 + p. What is the units digit of t?
8
Suppose 0 = a + 1 - 5. Suppose -7*s = -a*s - 147. Suppose 44*x - s*x + 545 = 0. What is the hundreds digit of x?
1
Let v(i) = 27*i + 643 + 2*i**2 - 337 - 335. What is the hundreds digit of v(16)?
9
What is the tens digit of (-1 + 1 + -4)/(1194/(-10097061))?
2
Let s(x) = 224*x**2 - 32*x - 325. What is the tens digit of s(-10)?
9
What is the thousands digit of ((-340)/(-51))/((-1)/(-330))?
2
Suppose 2*c = -2*d + 450, -4*d + 2*c + 521 = -349. Let i = d + -163. What is the units digit of i?
7
Let f = 5 + -22. Let h be 4 - (-6)/((-12)/(-19))*6. Let a = f + h. What is the units digit of a?
4
Suppose -227*b = -235*b + 224. What is the tens digit of 42/b*(-416)/(-12)?
5
Suppose -23 = -23*u + 23. Suppose 3*z = u*a + 275, -323 = -4*z - 4*a + 57. What is the units digit of z?
3
Suppose 2*p = h - 417, 2*h + 0*p = p + 846. Suppose -2*l + 5*w = -h, 5*w - 4*w = 3. What is the units digit of l?
0
Let b be (-2 - (-5817)/(-6))/((-7)/14). Let c = b - 571. What is the hundreds digit of c?
3
Let w(b) = -2*b**3 + 10*b**2 - 10*b - 47. Let a be w(11). Let u = a + 2545. What is the units digit of u?
6
Let n(u) = 22536 - 22538 + 4*u + 147*u**3 - 3*u**2 + 198*u**3. What is the tens digit of n(1)?
4
Suppose -12*c + 8*c = -46*c + 268926. What is the thousands digit of c?
6
Suppose 362 = v + 1293. Let d = v - -1749. What is the tens digit of d?
1
Suppose -f + 24*o = 27*o - 23951, 0 = 2*f - 2*o - 47830. What is the tens digit of f?
2
Suppose 0 = -2*c + 2*h + 20, 5*h = 5*c + 3*h - 35. Suppose c*p + 245 = 1155. Suppose -4*y = p - 534. What is the tens digit of y?
8
Let h(b) = -15*b**2 + 5*b + 66. Let t(l) = l**2 + 2*l - 1. Let r(o) = -h(o) - t(o). What is the thousands digit of r(10)?
1
Suppose 10 = 15*x - 13*x, 0 = -j + 3*x + 335. Let i = -246 + j. What is the hundreds digit of i?
1
Let s(a) = 2*a**2 - a + 13. Let w = 127 + -118. What is the units digit of s(w)?
6
Suppose 67*z - 406350 = 22*z. What is the hundreds digit of z?
0
Suppose 58*j - 6 = 57*j. Let m be (69/j - 1)*4/(-6). What is the tens digit of 2 + ((-166)/(-8) - m/28)?
2
Suppose 2*z - 4*z = -14. Suppose 0 = -o + 3*u - u + z, -5*o + 5*u + 35 = 0. Let n(v) = 14*v - 8. What is the units digit of n(o)?
0
Let c(n) = -26*n + 28. Let q be c(1). Suppose 2*r - 4*u - 2210 = 0, -6*r - 4*u + 4432 = -q*r. What is the tens digit of r?
0
Suppose -3*f + 5*n - 9*n - 852 = 0, -5*n = -3*f - 879. Let h = -73 - f. What is the tens digit of h?
1
Suppose 115*o - 126*o = -122122. What is the thousands digit of o?
1
Let t = -3756 - -6307. What is the hundreds digit of t?
5
Let p(a) = -15*a + 34. Let f be p(-16). Let n = 163 - f. Let z = 95 - n. What is the tens digit of z?
0
Suppose 10*u + 0*u - 136875 = 5*u. What is the tens digit of u?
7
Suppose -66*c - 55*c + 137*c = 880320. What is the ten thousands digit of c?
5
Suppose -3*b - 1781 = -5*x, -2*x + 3*b + 338 + 369 = 0. Let y = x + -232. Let q = y - 26. What is the hundreds digit of q?
1
Suppose -19*s = -10*s - 18. What is the thousands digit of -106*34/(-85)*(37 - s)?
1
Let k = 8973 - 982. What is the tens digit of k?
9
Let z(o) = 615*o**2 + o - 1. Let h = 1